ors of d(m).
59
Suppose g - 2*p = -4, -2*g - 6*p + 2*p + 24 = 0. Suppose -g*j - 1 = 3. List the prime factors of -1*(2*j + -2).
2
Let u(r) = 2*r + 7. Let x be u(-5). Let k = -4 - x. What are the prime factors of 6/8*(k - -9)?
2, 3
Let j = 22 - 7. Suppose o - j - 1 = 0. Suppose q = -q + o. List the prime factors of q.
2
Suppose 0 = -6*r + r. Suppose -2*y + 18 = -r*y. What are the prime factors of y?
3
Let c(v) = v**3 + 9*v**2 - v - 5. Suppose 4*y - 10 = 3*z + 13, -2 = 2*y. List the prime factors of c(z).
2
Let d = -1 + 3. Suppose 2*u - 8 = -d*u. List the prime factors of u.
2
Suppose 3*s - 14 + 2 = 0. What are the prime factors of -2 + (6*s)/4?
2
Suppose 5*s - 8 = s. Suppose -x + s + 1 = 0. Let a = x - 1. List the prime factors of a.
2
Let v(q) = -5*q**3 - 30*q**2 - 36*q + 35. Let m(p) = p**3 + 6*p**2 + 7*p - 7. Let g(f) = -11*m(f) - 2*v(f). List the prime factors of g(-5).
7
Let y(f) = 2*f + 8. List the prime factors of y(8).
2, 3
Let k be (1 - 2)*3*-1. Suppose -q - k*q + 208 = 0. Suppose 2*o = -2*o + q. List the prime factors of o.
13
Let o(k) = k**2 - k + 1. Suppose 2*n - 2 - 2 = 0. List the prime factors of o(n).
3
Suppose 4*j = 14 - 2. Let i = 1 - j. What are the prime factors of 1/i*(-15 + 3)?
2, 3
Let z(o) = o**3 - 6*o**2 + 2*o - 2. Let a be z(6). What are the prime factors of (-83)/(-5) - 6/a?
2
Let y = -89 - -52. Let j be 1/(-1) - (0 + 25). Let u = j - y. What are the prime factors of u?
11
Let o = -5 + 3. Let b = 3 + o. Let q = 8 - b. List the prime factors of q.
7
Let r = 86 + -39. Suppose 3*p = -2*i + i + r, -2*p + 5*i = -37. List the prime factors of p.
2
Suppose -5*m + 4*b + 25 = 0, 5*m + 0*b = 5*b + 25. Suppose 12 = -c + m*c. Suppose -c = 5*h - 8, -5*w + 32 = 2*h. What are the prime factors of w?
2, 3
List the prime factors of (-3 - -2)*90*(-18)/15.
2, 3
What are the prime factors of (3629/38)/((4/(-2))/(-4))?
191
Let p = 9 + -8. Let u be 0*p*2/4. Suppose u = -4*x - 0 + 16. What are the prime factors of x?
2
Suppose 4*c - 40 = -c. List the prime factors of c.
2
Let r be 0/((-5)/((-15)/(-6))). Suppose -4*s - p + 12 + 15 = r, 2*p = -2. Suppose b - s = 4*v, b - 2 = 3*v + 4. List the prime factors of b.
3
Let s = 35 - -31. Suppose -3*a = -3*b + s, 0 = -2*b + a - 5*a + 68. List the prime factors of 2/4 + b/4.
7
Let t = 13 - 11. What are the prime factors of t?
2
Let j = -2 - -19. What are the prime factors of j?
17
Let o(r) = 8*r**2 + 2*r - 1. Let a be o(1). Suppose -x = -0*x - a. What are the prime factors of x?
3
Let k(c) = -c**3 + 8*c**2 + 11*c - 11. Let q be k(9). Suppose -2*l - q*i + 44 = -3*i, 0 = -3*l - 5*i + 65. What are the prime factors of l?
2, 5
Let j(h) = -9*h - 3. What are the prime factors of j(-1)?
2, 3
Let p(s) = s**3 - 7*s**2 - s + 10. Suppose 0 = 4*w - 34 + 6. Let u be p(w). Suppose u*o - 2 = 4*o, 4*n + o - 14 = 0. What are the prime factors of n?
2
Let o(r) = 4*r**2 - 8*r + 5. Let g be o(5). Suppose t + g = 5*m - t, -3*m + 39 = 3*t. List the prime factors of m.
13
Suppose 30 + 9 = h. List the prime factors of h.
3, 13
Let s(l) = l**3 + 6*l**2 - 8*l - 4. Let k be s(-7). Suppose 2*x - 5*q = -k*x + 40, 5*x = 2*q + 43. What are the prime factors of x?
3
What are the prime factors of -4 - 1292/(-6) - (-2)/3?
2, 53
Suppose -5*s - 4*t + 114 = -0*s, -s + 42 = -4*t. Suppose 2*x = 2*b + s, -2*b - 8 = -0*b. List the prime factors of (-60)/x*(-6)/4.
2, 5
Let v be 1/(-3) - 550/15. Let k = -18 - v. Suppose -4*g + 33 + k = 0. What are the prime factors of g?
13
What are the prime factors of (48/(-18))/(-4) + (-272)/(-6)?
2, 23
Suppose 0 = -m - 2*r + 189, -14*m + 2*r = -9*m - 909. List the prime factors of m.
3, 61
Let g(m) = -4 + 22 - 2 + m. List the prime factors of g(15).
31
Suppose 2*o = -3*h + 36, 8*h - 2*o - 76 = 3*h. Suppose -10*q - 76 = -h*q. List the prime factors of q.
19
Suppose -2*a = -2*t - 30, 0 = -2*a + a + 5*t - 1. Suppose 0 = -5*x - i - i + 95, 0 = 2*x - 3*i - a. What are the prime factors of x?
17
Let g(c) = -c - 15. Let i be g(12). Let u = 48 + i. List the prime factors of u.
3, 7
Suppose 5*h - 88 = 102. Let n = h - -6. Let j = n - 25. List the prime factors of j.
19
Let k(n) = n - 3. Let f be k(5). Suppose -12 = f*u - 2*p - 2*p, 0 = 3*u - 4*p + 14. List the prime factors of 14 - (-5)/(5/u).
2, 3
Suppose 4*p = j + 4, 2*p - 5 = -j - 3*p. Suppose 4*w + 6 = 2*o, j = 4*o - 2*o + w - 11. What are the prime factors of o?
5
Suppose 4*f + 2*m = -64, -3*f - 24 - 11 = -5*m. Let u = -12 - f. List the prime factors of u.
3
Suppose 0*w + 55 = w + 2*h, -3*w + 165 = 3*h. Suppose -i + w = 4*i. What are the prime factors of i?
11
Let r = 81 + -61. List the prime factors of r.
2, 5
Let h = -188 - -271. What are the prime factors of h?
83
Let v(r) = 6*r**2 - 2*r + 3. Let f be v(2). Suppose 7 = -w - f. What are the prime factors of (w/9)/(1/(-3))?
2, 5
Let z be (-2)/(18/(-21))*3. Suppose z*g = 3*g + 24. What are the prime factors of g?
2, 3
Let w be (-1)/(-4) + 21/12. Let z be w/(-6) + 336/9. Let h = -19 + z. List the prime factors of h.
2, 3
Let z(w) = 2*w**2 + 3*w - 4. List the prime factors of z(-4).
2
Let s be -2*5*44/10. Let m be (s/6)/(4/(-6)). Suppose -m = -3*a + 10. List the prime factors of a.
7
Let h be (-9)/6*4/(-2). Let q = 5 - h. What are the prime factors of q?
2
Suppose 0 = 5*f - 12 - 8. Suppose 0*j + 220 = f*j. Suppose 35 = g + 5*n, 2*g - 5*n + j = 4*g. What are the prime factors of g?
2, 5
Let u = 58 + -33. Let r = u - 6. What are the prime factors of r?
19
Let s(l) = 6*l**2 + 2*l - 16. What are the prime factors of s(5)?
2, 3
Suppose -8 + 6 = -i. Suppose 4*s = 4*n + 152, -5*s + 119 = -i*s - 2*n. List the prime factors of s.
43
Let m(o) be the first derivative of -o**3/3 + 3*o**2 + 4*o + 1. What are the prime factors of m(4)?
2, 3
Let n be 39/9 + (-4)/(-6). Suppose q = -n*h - 28 + 93, 0 = -4*q + 20. What are the prime factors of h?
2, 3
Let x(c) = -c**2 - 24*c - 14. What are the prime factors of x(-11)?
3, 43
Let c be -45*(1 + (-2)/6). Let z(p) = 2*p**2 + 7*p + 9. Let y be z(-5). What are the prime factors of (y/18)/((-2)/c)?
2, 5
Suppose 0 = t - 5*j - 39, -t - j + 100 = t. What are the prime factors of t?
7
Let h(p) = 3*p + 6. Let r be h(-5). Let k = -7 - r. List the prime factors of k.
2
Let y be (-510)/(-9) + 5/15. Suppose 5*x - 42 = -3*j + 53, 0 = -2*x - 5*j + y. What are the prime factors of x?
2
Let w(a) = a**2 - 5*a + 6. Let h be w(4). Suppose -2 = -0*o + h*o. What are the prime factors of 3/(o/(-1))*3?
3
Let r(x) = -2*x**3 - 5*x**2 + 3*x + x**2 + 3 + 3*x**3. What are the prime factors of r(3)?
3
Let u be (-4)/(-18) - 238/(-63). Suppose 0 = b - u - 10. What are the prime factors of b?
2, 7
Let d be 1/(-3 - -4) + -3. List the prime factors of (-1)/(3/60*d).
2, 5
Let y(o) = 1 + 3 + 2*o + 0 - 2 + 2*o**2. Let s be y(-2). Suppose 2*g - s = -0*g. List the prime factors of g.
3
Let q(d) = d**2 + 27*d + 79. What are the prime factors of q(-24)?
7
Suppose 0 = 3*y - 139 - 326. Suppose k + y = 6*k. List the prime factors of k.
31
Suppose 3*t = 4*l - 235, 419 = 5*l - 2*t + 120. What are the prime factors of l?
61
Let c(g) = 19*g - 7. Let b be c(10). What are the prime factors of 3/6 + b/6?
31
Suppose 0 = z + 3*v - 21, 4*z - z - v = 13. What are the prime factors of 1/(-2)*(2 - z)?
2
Let y = -22 - -26. List the prime factors of (2/y)/(3/246).
41
Let f(y) = y**3 + 7*y**2 + 6*y + 8. What are the prime factors of f(-6)?
2
Suppose -2 = k - 1. Let d = -6 - k. List the prime factors of ((-5)/d)/(2/10).
5
List the prime factors of (-3)/6 + 2276/8.
2, 71
Let o(p) = p**3 - 9*p**2 + 11*p. What are the prime factors of o(8)?
2, 3
Suppose -4*q + 102 - 18 = 0. Suppose -l = -5*c + 120, 3*l - 39 - 57 = -4*c. Suppose -5*g = -q - c. List the prime factors of g.
3
Let g(h) = -h**2 + h - 2. Let c be g(0). Suppose -14 = -w + 2*p, 3*w - 4*p = -3*p + 37. Let o = w + c. List the prime factors of o.
2, 5
Let q(d) = -3*d - 3. List the prime factors of q(-3).
2, 3
Let k be (-4)/12*129/(-1). Suppose 2*f + p = 5*f - 26, -3*p = -4*f + k. List the prime factors of f.
7
List the prime factors of ((-100)/(-4))/(-2 - -3).
5
What are the prime factors of 2013/5 + 6*6/(-60)?
2, 3, 67
Suppose 25 = 3*y + 2*y. Suppose v = 8 + y. Suppose 3*l - v = 5. List the prime factors of l.
2, 3
Let r(x) = -66*x + 11. What are the prime factors of r(-4)?
5, 11
Let z